{"id":18859,"date":"2014-06-02T09:22:38","date_gmt":"2014-06-02T09:22:38","guid":{"rendered":"http:\/\/demo.select-themes.com\/stockholm15\/?page_id=18859"},"modified":"2024-02-29T15:08:14","modified_gmt":"2024-02-29T14:08:14","slug":"about-us","status":"publish","type":"page","link":"https:\/\/www.molenaar-architekten.de\/?page_id=18859","title":{"rendered":"\u00dcber uns"},"content":{"rendered":"<p>[vc_row row_type=&#8220;row&#8220; use_row_as_full_screen_section=&#8220;no&#8220; type=&#8220;grid&#8220; text_align=&#8220;left&#8220; background_animation=&#8220;none&#8220; css_animation=&#8220;&#8220;][vc_column][vc_empty_space height=&#8220;45px&#8220;][\/vc_column][\/vc_row][vc_row row_type=&#8220;row&#8220; use_row_as_full_screen_section=&#8220;no&#8220; type=&#8220;grid&#8220; text_align=&#8220;left&#8220; background_animation=&#8220;none&#8220; css_animation=&#8220;&#8220;][vc_column width=&#8220;1\/2&#8243;][vc_separator type=&#8220;normal&#8220; border_style=&#8220;&#8220;][vc_empty_space][vc_column_text]<\/p>\n<h2 style=\"text-align: right;\">B\u00fcrophilosophie<\/h2>\n<p>[\/vc_column_text][vc_column_text]<\/p>\n<p style=\"text-align: right;\">Zentraler <span class=\"normtxtff\">Schwerpunkt unserer Arbeit<\/span> in den letzten Jahren ist die Entwicklung und Gestaltung von Projekten im Zusammenhang mit der Auseinandersetzung gewachsener Stadt- und Geb\u00e4udestrukturen.\u00a0Eine geradlinige, zeitgem\u00e4\u00dfe Formensprache\u00a0und das\u00a0Minimieren von Aufwand und Eingriff im Hinblick auf \u00d6kologie und \u00d6konomie sind dabei wesentliche Ans\u00e4tze.<\/p>\n<p>[\/vc_column_text][vc_empty_space][\/vc_column][vc_column width=&#8220;1\/2&#8243;][\/vc_column][\/vc_row][vc_row row_type=&#8220;row&#8220; use_row_as_full_screen_section=&#8220;no&#8220; type=&#8220;grid&#8220; text_align=&#8220;left&#8220; background_animation=&#8220;none&#8220; css_animation=&#8220;&#8220;][vc_column width=&#8220;1\/2&#8243;][\/vc_column][vc_column width=&#8220;1\/2&#8243;][vc_empty_space][vc_separator type=&#8220;normal&#8220; border_style=&#8220;&#8220;][vc_empty_space][vc_column_text]<\/p>\n<h2 style=\"text-align: left;\">B\u00fcrogemeinschaft<\/h2>\n<p>[\/vc_column_text][vc_column_text]<\/p>\n<p class=\"normtxt\" align=\"justify\">Unser Team in der <span class=\"normtxtff\">B\u00fcrogemeinschaft<\/span> mit Landschaftsarchitektin und Stadtplanerin\u00a0<span class=\"normtxtff\"><a href=\"http:\/\/weber-landschaftsarchitektin.de\">Claudia Weber-Molenaar<\/a>\u00a0<\/span>besteht aus Architekten , Stadtplanern\u00a0und Landschaftsarchitekten.<\/p>\n<p>[\/vc_column_text][\/vc_column][\/vc_row][vc_row row_type=&#8220;row&#8220; use_row_as_full_screen_section=&#8220;no&#8220; type=&#8220;grid&#8220; text_align=&#8220;left&#8220; background_animation=&#8220;none&#8220; padding_top=&#8220;100&#8243; padding_bottom=&#8220;50&#8243; css_animation=&#8220;&#8220; background_color=&#8220;#ffffff&#8220;][vc_column width=&#8220;1\/4&#8243;]<div class='q_team '><div class='q_team_inner'><div class='q_team_image'><img decoding=\"async\" src=\"https:\/\/www.molenaar-architekten.de\/wp-content\/uploads\/2015\/11\/Portrait-Molenaar-Molenaar.jpg\" alt=\"team_image\"  \/><div class='q_team_social_holder'  style='background-color:rgba(123,123,123,0.85);'><div class='q_team_social'><div class='q_team_social_inner'><\/div><\/div><\/div><\/div><div class='q_team_text ' ><div class='q_team_text_inner'><div class='q_team_title_holder'><h6 class='q_team_position' >Inhaber<\/h6><h4 class='q_team_name' >Klaus Molenaar<\/h4><\/div><div class='q_team_description'><p >Architekt BDA<br \/>\nStudium FH M\u00fcnchen<br \/>\nTU Stuttgart<br \/>\n1978 Staatspr\u00fcfung<br \/>\n(Reg. Baumeister)<br \/>\nselbstst\u00e4ndig seit 1978<\/p><\/div><\/div><\/div><\/div><\/div>[vc_separator type=&#8220;transparent&#8220; border_style=&#8220;&#8220; up=&#8220;49&#8243; down=&#8220;0&#8243;][\/vc_column][vc_column width=&#8220;1\/4&#8243;]<div class='q_team '><div class='q_team_inner'><div class='q_team_image'><img decoding=\"async\" src=\"https:\/\/www.molenaar-architekten.de\/wp-content\/uploads\/2015\/12\/Portrait-WM-3.jpg\" alt=\"team_image\"  \/><div class='q_team_social_holder'  style='background-color:rgba(123,123,123,0.85);'><div class='q_team_social'><div class='q_team_social_inner'><\/div><\/div><\/div><\/div><div class='q_team_text ' ><div class='q_team_text_inner'><div class='q_team_title_holder'><h6 class='q_team_position' >Inhaberin<\/h6><h4 class='q_team_name' >Claudia Weber-Molenaar<\/h4><\/div><div class='q_team_description'><p >Studium Technische Universit\u00e4t Berlin<br \/>\n1977 Diplom der Landschaftsplanung<br \/>\nEigenes B\u00fcro seit 1983<br \/>\nMitglied der Bayerischen Architektenkammer<br \/>\nMitglied BDLA<\/p><\/div><\/div><\/div><\/div><\/div>[vc_separator type=&#8220;transparent&#8220; border_style=&#8220;&#8220; up=&#8220;49&#8243; down=&#8220;0&#8243;][\/vc_column][vc_column width=&#8220;1\/4&#8243;][\/vc_column][vc_column width=&#8220;1\/4&#8243;]<div class='q_team '><div class='q_team_inner'><div class='q_team_image'><img decoding=\"async\" src=\"https:\/\/www.molenaar-architekten.de\/wp-content\/uploads\/2021\/01\/WeMoPortraits-6794.jpg\" alt=\"team_image\"  \/><div class='q_team_social_holder'  style='background-color:rgba(123,123,123,0.85);'><div class='q_team_social'><div class='q_team_social_inner'><\/div><\/div><\/div><\/div><div class='q_team_text ' ><div class='q_team_text_inner'><div class='q_team_title_holder'><h6 class='q_team_position' >B\u00fcromanagement<\/h6><h4 class='q_team_name' >GABI HAUSER<\/h4><\/div><\/div><\/div><\/div><\/div>[\/vc_column][\/vc_row][vc_row row_type=&#8220;row&#8220; use_row_as_full_screen_section=&#8220;no&#8220; type=&#8220;grid&#8220; text_align=&#8220;left&#8220; background_animation=&#8220;none&#8220; css_animation=&#8220;&#8220;][vc_column width=&#8220;1\/4&#8243;]<div class='q_team '><div class='q_team_inner'><div class='q_team_image'><img decoding=\"async\" src=\"https:\/\/www.molenaar-architekten.de\/wp-content\/uploads\/2022\/05\/Foto-Roland.jpg\" alt=\"team_image\"  \/><div class='q_team_social_holder'  style='background-color:rgba(123,123,123,0.85);'><div class='q_team_social'><div class='q_team_social_inner'><\/div><\/div><\/div><\/div><div class='q_team_text ' ><div class='q_team_text_inner'><div class='q_team_title_holder'><h6 class='q_team_position' >Partner<\/h6><h4 class='q_team_name' >ROLAND SPECKLE<\/h4><\/div><div class='q_team_description'><p >Dipl.Ing. Architektur<\/p><\/div><\/div><\/div><\/div><\/div>[\/vc_column][vc_column width=&#8220;1\/4&#8243;]<div class='q_team '><div class='q_team_inner'><div class='q_team_image'><img decoding=\"async\" src=\"https:\/\/www.molenaar-architekten.de\/wp-content\/uploads\/2021\/01\/unbenannt-0010-300x300-1.jpg\" alt=\"team_image\"  \/><div class='q_team_social_holder'  style='background-color:rgba(123,123,123,0.85);'><div class='q_team_social'><div class='q_team_social_inner'><\/div><\/div><\/div><\/div><div class='q_team_text ' ><div class='q_team_text_inner'><div class='q_team_title_holder'><h6 class='q_team_position' >Mitarbeiterin<\/h6><h4 class='q_team_name' >JESSICA BRODHAGE<\/h4><\/div><div class='q_team_description'><p >Dipl.Ing. Architektur<\/p><\/div><\/div><\/div><\/div><\/div>[\/vc_column][vc_column width=&#8220;1\/4&#8243;]<div class='q_team '><div class='q_team_inner'><div class='q_team_image'><img decoding=\"async\" src=\"https:\/\/www.molenaar-architekten.de\/wp-content\/uploads\/2024\/02\/3sw.jpg\" alt=\"team_image\"  \/><div class='q_team_social_holder'  style='background-color:rgba(123,123,123,0.85);'><div class='q_team_social'><div class='q_team_social_inner'><\/div><\/div><\/div><\/div><div class='q_team_text ' ><div class='q_team_text_inner'><div class='q_team_title_holder'><h6 class='q_team_position' >Mitarbeiterin<\/h6><h4 class='q_team_name' >BERFIN KOCAKAYA<\/h4><\/div><div class='q_team_description'><p >B.A. Architektur<\/p><\/div><\/div><\/div><\/div><\/div>[\/vc_column][vc_column width=&#8220;1\/4&#8243;]<div class='q_team '><div class='q_team_inner'><div class='q_team_image'><img decoding=\"async\" src=\"https:\/\/www.molenaar-architekten.de\/wp-content\/uploads\/2015\/12\/Portrait-2Grenzing.jpg\" alt=\"team_image\"  \/><div class='q_team_social_holder'  style='background-color:rgba(123,123,123,0.85);'><div class='q_team_social'><div class='q_team_social_inner'><\/div><\/div><\/div><\/div><div class='q_team_text ' ><div class='q_team_text_inner'><div class='q_team_title_holder'><h6 class='q_team_position' >Freier Mitarbeiter<\/h6><h4 class='q_team_name' >SEBASTIAN GRENZING<\/h4><\/div><\/div><\/div><\/div><\/div>[\/vc_column][\/vc_row][vc_row row_type=&#8220;row&#8220; use_row_as_full_screen_section=&#8220;no&#8220; type=&#8220;full_width&#8220; text_align=&#8220;left&#8220; background_animation=&#8220;none&#8220; css_animation=&#8220;&#8220;][vc_column][\/vc_column][\/vc_row][vc_row row_type=&#8220;row&#8220; use_row_as_full_screen_section=&#8220;no&#8220; type=&#8220;full_width&#8220; text_align=&#8220;left&#8220; background_animation=&#8220;none&#8220; css_animation=&#8220;&#8220;][vc_column][vc_empty_space][\/vc_column][\/vc_row]<\/p>\n","protected":false},"excerpt":{"rendered":"<p>[vc_row row_type=&#8220;row&#8220; use_row_as_full_screen_section=&#8220;no&#8220; type=&#8220;grid&#8220; text_align=&#8220;left&#8220; background_animation=&#8220;none&#8220; css_animation=&#8220;&#8220;][vc_column][vc_empty_space height=&#8220;45px&#8220;][\/vc_column][\/vc_row][vc_row row_type=&#8220;row&#8220; use_row_as_full_screen_section=&#8220;no&#8220; type=&#8220;grid&#8220; text_align=&#8220;left&#8220; background_animation=&#8220;none&#8220; css_animation=&#8220;&#8220;][vc_column width=&#8220;1\/2&#8243;][vc_separator type=&#8220;normal&#8220; border_style=&#8220;&#8220;][vc_empty_space][vc_column_text] B\u00fcrophilosophie [\/vc_column_text][vc_column_text] Zentraler Schwerpunkt unserer Arbeit in den letzten Jahren ist die Entwicklung und Gestaltung von Projekten im Zusammenhang mit der Auseinandersetzung gewachsener Stadt- und Geb\u00e4udestrukturen.\u00a0Eine geradlinige, zeitgem\u00e4\u00dfe&#8230;<\/p>\n","protected":false},"author":1,"featured_media":0,"parent":0,"menu_order":0,"comment_status":"open","ping_status":"open","template":"full_width.php","meta":{"footnotes":""},"_links":{"self":[{"href":"https:\/\/www.molenaar-architekten.de\/index.php?rest_route=\/wp\/v2\/pages\/18859"}],"collection":[{"href":"https:\/\/www.molenaar-architekten.de\/index.php?rest_route=\/wp\/v2\/pages"}],"about":[{"href":"https:\/\/www.molenaar-architekten.de\/index.php?rest_route=\/wp\/v2\/types\/page"}],"author":[{"embeddable":true,"href":"https:\/\/www.molenaar-architekten.de\/index.php?rest_route=\/wp\/v2\/users\/1"}],"replies":[{"embeddable":true,"href":"https:\/\/www.molenaar-architekten.de\/index.php?rest_route=%2Fwp%2Fv2%2Fcomments&post=18859"}],"version-history":[{"count":105,"href":"https:\/\/www.molenaar-architekten.de\/index.php?rest_route=\/wp\/v2\/pages\/18859\/revisions"}],"predecessor-version":[{"id":22248,"href":"https:\/\/www.molenaar-architekten.de\/index.php?rest_route=\/wp\/v2\/pages\/18859\/revisions\/22248"}],"wp:attachment":[{"href":"https:\/\/www.molenaar-architekten.de\/index.php?rest_route=%2Fwp%2Fv2%2Fmedia&parent=18859"}],"curies":[{"name":"wp","href":"https:\/\/api.w.org\/{rel}","templated":true}]}}

Über uns

<p>[vc_row row_type=&#8220;row&#8220; use_row_as_full_screen_section=&#8220;no&#8220; type=&#8220;grid&#8220; text_align=&#8220;left&#8220; background_animation=&#8220;none&#8220; css_animation=&#8220;&#8220;][vc_column][vc_empty_space height=&#8220;45px&#8220;][/vc_column][/vc_row][vc_row row_type=&#8220;row&#8220; use_row_as_full_screen_section=&#8220;no&#8220; type=&#8220;grid&#8220; text_align=&#8220;left&#8220; background_animation=&#8220;none&#8220; css_animation=&#8220;&#8220;][vc_column width=&#8220;1/2&#8243;][vc_separator type=&#8220;normal&#8220; border_style=&#8220;&#8220;][vc_empty_space][vc_column_text]</p>
<h2 style="text-align: right;">Bürophilosophie</h2>
<p>[/vc_column_text][vc_column_text]</p>
<p style="text-align: right;">Zentraler <span class="normtxtff">Schwerpunkt unserer Arbeit</span> in den letzten Jahren ist die Entwicklung und Gestaltung von Projekten im Zusammenhang mit der Auseinandersetzung gewachsener Stadt- und Gebäudestrukturen. Eine geradlinige, zeitgemäße Formensprache und das Minimieren von Aufwand und Eingriff im Hinblick auf Ökologie und Ökonomie sind dabei wesentliche Ansätze.</p>
<p>[/vc_column_text][vc_empty_space][/vc_column][vc_column width=&#8220;1/2&#8243;][/vc_column][/vc_row][vc_row row_type=&#8220;row&#8220; use_row_as_full_screen_section=&#8220;no&#8220; type=&#8220;grid&#8220; text_align=&#8220;left&#8220; background_animation=&#8220;none&#8220; css_animation=&#8220;&#8220;][vc_column width=&#8220;1/2&#8243;][/vc_column][vc_column width=&#8220;1/2&#8243;][vc_empty_space][vc_separator type=&#8220;normal&#8220; border_style=&#8220;&#8220;][vc_empty_space][vc_column_text]</p>
<h2 style="text-align: left;">Bürogemeinschaft</h2>
<p>[/vc_column_text][vc_column_text]</p>
<p class="normtxt" align="justify">Unser Team in der <span class="normtxtff">Bürogemeinschaft</span> mit Landschaftsarchitektin und Stadtplanerin <span class="normtxtff"><a href="http://weber-landschaftsarchitektin.de">Claudia Weber-Molenaar</a> </span>besteht aus Architekten , Stadtplanern und Landschaftsarchitekten.</p>
<p>[/vc_column_text][/vc_column][/vc_row][vc_row row_type=&#8220;row&#8220; use_row_as_full_screen_section=&#8220;no&#8220; type=&#8220;grid&#8220; text_align=&#8220;left&#8220; background_animation=&#8220;none&#8220; padding_top=&#8220;100&#8243; padding_bottom=&#8220;50&#8243; css_animation=&#8220;&#8220; background_color=&#8220;#ffffff&#8220;][vc_column width=&#8220;1/4&#8243;]<div class='q_team '><div class='q_team_inner'><div class='q_team_image'><img decoding="async" src="https://www.molenaar-architekten.de/wp-content/uploads/2015/11/Portrait-Molenaar-Molenaar.jpg" alt="team_image"  /><div class='q_team_social_holder'  style='background-color:rgba(123,123,123,0.85);'><div class='q_team_social'><div class='q_team_social_inner'></div></div></div></div><div class='q_team_text ' ><div class='q_team_text_inner'><div class='q_team_title_holder'><h6 class='q_team_position' >Inhaber</h6><h4 class='q_team_name' >Klaus Molenaar</h4></div><div class='q_team_description'><p >Architekt BDA<br />
Studium FH München<br />
TU Stuttgart<br />
1978 Staatsprüfung<br />
(Reg. Baumeister)<br />
selbstständig seit 1978</p></div></div></div></div></div>[vc_separator type=&#8220;transparent&#8220; border_style=&#8220;&#8220; up=&#8220;49&#8243; down=&#8220;0&#8243;][/vc_column][vc_column width=&#8220;1/4&#8243;]<div class='q_team '><div class='q_team_inner'><div class='q_team_image'><img decoding="async" src="https://www.molenaar-architekten.de/wp-content/uploads/2015/12/Portrait-WM-3.jpg" alt="team_image"  /><div class='q_team_social_holder'  style='background-color:rgba(123,123,123,0.85);'><div class='q_team_social'><div class='q_team_social_inner'></div></div></div></div><div class='q_team_text ' ><div class='q_team_text_inner'><div class='q_team_title_holder'><h6 class='q_team_position' >Inhaberin</h6><h4 class='q_team_name' >Claudia Weber-Molenaar</h4></div><div class='q_team_description'><p >Studium Technische Universität Berlin<br />
1977 Diplom der Landschaftsplanung<br />
Eigenes Büro seit 1983<br />
Mitglied der Bayerischen Architektenkammer<br />
Mitglied BDLA</p></div></div></div></div></div>[vc_separator type=&#8220;transparent&#8220; border_style=&#8220;&#8220; up=&#8220;49&#8243; down=&#8220;0&#8243;][/vc_column][vc_column width=&#8220;1/4&#8243;][/vc_column][vc_column width=&#8220;1/4&#8243;]<div class='q_team '><div class='q_team_inner'><div class='q_team_image'><img decoding="async" src="https://www.molenaar-architekten.de/wp-content/uploads/2021/01/WeMoPortraits-6794.jpg" alt="team_image"  /><div class='q_team_social_holder'  style='background-color:rgba(123,123,123,0.85);'><div class='q_team_social'><div class='q_team_social_inner'></div></div></div></div><div class='q_team_text ' ><div class='q_team_text_inner'><div class='q_team_title_holder'><h6 class='q_team_position' >Büromanagement</h6><h4 class='q_team_name' >GABI HAUSER</h4></div></div></div></div></div>[/vc_column][/vc_row][vc_row row_type=&#8220;row&#8220; use_row_as_full_screen_section=&#8220;no&#8220; type=&#8220;grid&#8220; text_align=&#8220;left&#8220; background_animation=&#8220;none&#8220; css_animation=&#8220;&#8220;][vc_column width=&#8220;1/4&#8243;]<div class='q_team '><div class='q_team_inner'><div class='q_team_image'><img decoding="async" src="https://www.molenaar-architekten.de/wp-content/uploads/2022/05/Foto-Roland.jpg" alt="team_image"  /><div class='q_team_social_holder'  style='background-color:rgba(123,123,123,0.85);'><div class='q_team_social'><div class='q_team_social_inner'></div></div></div></div><div class='q_team_text ' ><div class='q_team_text_inner'><div class='q_team_title_holder'><h6 class='q_team_position' >Partner</h6><h4 class='q_team_name' >ROLAND SPECKLE</h4></div><div class='q_team_description'><p >Dipl.Ing. Architektur</p></div></div></div></div></div>[/vc_column][vc_column width=&#8220;1/4&#8243;]<div class='q_team '><div class='q_team_inner'><div class='q_team_image'><img decoding="async" src="https://www.molenaar-architekten.de/wp-content/uploads/2021/01/unbenannt-0010-300x300-1.jpg" alt="team_image"  /><div class='q_team_social_holder'  style='background-color:rgba(123,123,123,0.85);'><div class='q_team_social'><div class='q_team_social_inner'></div></div></div></div><div class='q_team_text ' ><div class='q_team_text_inner'><div class='q_team_title_holder'><h6 class='q_team_position' >Mitarbeiterin</h6><h4 class='q_team_name' >JESSICA BRODHAGE</h4></div><div class='q_team_description'><p >Dipl.Ing. Architektur</p></div></div></div></div></div>[/vc_column][vc_column width=&#8220;1/4&#8243;]<div class='q_team '><div class='q_team_inner'><div class='q_team_image'><img decoding="async" src="https://www.molenaar-architekten.de/wp-content/uploads/2024/02/3sw.jpg" alt="team_image"  /><div class='q_team_social_holder'  style='background-color:rgba(123,123,123,0.85);'><div class='q_team_social'><div class='q_team_social_inner'></div></div></div></div><div class='q_team_text ' ><div class='q_team_text_inner'><div class='q_team_title_holder'><h6 class='q_team_position' >Mitarbeiterin</h6><h4 class='q_team_name' >BERFIN KOCAKAYA</h4></div><div class='q_team_description'><p >B.A. Architektur</p></div></div></div></div></div>[/vc_column][vc_column width=&#8220;1/4&#8243;]<div class='q_team '><div class='q_team_inner'><div class='q_team_image'><img decoding="async" src="https://www.molenaar-architekten.de/wp-content/uploads/2015/12/Portrait-2Grenzing.jpg" alt="team_image"  /><div class='q_team_social_holder'  style='background-color:rgba(123,123,123,0.85);'><div class='q_team_social'><div class='q_team_social_inner'></div></div></div></div><div class='q_team_text ' ><div class='q_team_text_inner'><div class='q_team_title_holder'><h6 class='q_team_position' >Freier Mitarbeiter</h6><h4 class='q_team_name' >SEBASTIAN GRENZING</h4></div></div></div></div></div>[/vc_column][/vc_row][vc_row row_type=&#8220;row&#8220; use_row_as_full_screen_section=&#8220;no&#8220; type=&#8220;full_width&#8220; text_align=&#8220;left&#8220; background_animation=&#8220;none&#8220; css_animation=&#8220;&#8220;][vc_column][/vc_column][/vc_row][vc_row row_type=&#8220;row&#8220; use_row_as_full_screen_section=&#8220;no&#8220; type=&#8220;full_width&#8220; text_align=&#8220;left&#8220; background_animation=&#8220;none&#8220; css_animation=&#8220;&#8220;][vc_column][vc_empty_space][/vc_column][/vc_row]</p>

<p>[vc_row row_type=&#8220;row&#8220; use_row_as_full_screen_section=&#8220;no&#8220; type=&#8220;grid&#8220; text_align=&#8220;left&#8220; background_animation=&#8220;none&#8220; css_animation=&#8220;&#8220;][vc_column][vc_empty_space height=&#8220;45px&#8220;][/vc_column][/vc_row][vc_row row_type=&#8220;row&#8220; use_row_as_full_screen_section=&#8220;no&#8220; type=&#8220;grid&#8220; text_align=&#8220;left&#8220; background_animation=&#8220;none&#8220; css_animation=&#8220;&#8220;][vc_column width=&#8220;1/2&#8243;][vc_separator type=&#8220;normal&#8220; border_style=&#8220;&#8220;][vc_empty_space][vc_column_text] Bürophilosophie [/vc_column_text][vc_column_text] Zentraler Schwerpunkt unserer Arbeit in den letzten Jahren ist die Entwicklung und Gestaltung von Projekten im Zusammenhang mit der Auseinandersetzung gewachsener Stadt- und Gebäudestrukturen. Eine geradlinige, zeitgemäße&#8230;</p>
